{"id":10426,"date":"2018-06-27T12:31:45","date_gmt":"2018-06-27T17:31:45","guid":{"rendered":"http:\/\/villarrse.com\/web\/?page_id=10426"},"modified":"2025-12-29T14:57:21","modified_gmt":"2025-12-29T19:57:21","slug":"mm-avituallamiento","status":"publish","type":"page","link":"https:\/\/villarrse.com\/web\/mm-tenemos\/mm-avituallamiento\/","title":{"rendered":"MM-transporte-avituallamiento"},"content":{"rendered":"<div class=\"wpb-content-wrapper\">[vc_row full_width=&#8221;stretch_row_content&#8221; css=&#8221;.vc_custom_1601817374821{margin: 0px !important;padding: 0px !important;background-image: url(http:\/\/villarrse.com\/web\/wp-content\/uploads\/2020\/10\/MMlan-interfaceSlider-3.jpg?id=10945) !important;background-position: center !important;background-repeat: no-repeat !important;background-size: cover !important;border: 0px initial !important;}&#8221;][vc_column][vc_empty_space height=&#8221;100px&#8221;]<div id=\"ultimate-heading-327369e61d2e5a650\" class=\"uvc-heading ult-adjust-bottom-margin ultimate-heading-327369e61d2e5a650 uvc-9747 \" data-hspacer=\"no_spacer\"  data-halign=\"center\" style=\"text-align:center\"><div class=\"uvc-heading-spacer no_spacer\" style=\"top\"><\/div><div class=\"uvc-main-heading ult-responsive\"  data-ultimate-target='.uvc-heading.ultimate-heading-327369e61d2e5a650 h2'  data-responsive-json-new='{\"font-size\":\"desktop:38px;mobile_landscape:24px;mobile:24px;\",\"line-height\":\"\"}' ><h2 style=\"font-family:&#039;Poppins&#039;;font-weight:600;color:#ffffff;margin-bottom:8px;\">APROVISIONAMIENTO DE COMBUSTIBLE<\/h2><\/div><\/div>[vc_empty_space height=&#8221;100px&#8221;][\/vc_column][\/vc_row][vc_row full_width=&#8221;stretch_row&#8221; equal_height=&#8221;yes&#8221; content_placement=&#8221;middle&#8221; css=&#8221;.vc_custom_1601817543030{padding-top: 0px !important;padding-bottom: 0px !important;background-position: center !important;background-repeat: no-repeat !important;background-size: cover !important;}&#8221;][vc_column width=&#8221;1\/2&#8243; css=&#8221;.vc_custom_1478173993629{padding-top: 0px !important;padding-bottom: 0px !important;}&#8221;][vc_empty_space height=&#8221;70px&#8221;]<div id=\"ultimate-heading-272369e61d2e5a6c9\" class=\"uvc-heading ult-adjust-bottom-margin ultimate-heading-272369e61d2e5a6c9 uvc-6197 \" data-hspacer=\"no_spacer\"  data-halign=\"left\" style=\"text-align:left\"><div class=\"uvc-heading-spacer no_spacer\" style=\"top\"><\/div><div class=\"uvc-sub-heading ult-responsive\"  data-ultimate-target='.uvc-heading.ultimate-heading-272369e61d2e5a6c9 .uvc-sub-heading '  data-responsive-json-new='{\"font-size\":\"desktop:16px;\",\"line-height\":\"desktop:24px;\"}'  style=\"font-family:&#039;Montserrat&#039;;font-weight:500;color:#777777;margin-top:40px;\">\r\n<p style=\"text-align: left;\">Mar\u00edtima Mercantil proporciona los servicios de agenciamiento y log\u00edsticos a los armadores para las operaciones de STS.<\/p>\r\n<\/div><\/div>[vc_empty_space height=&#8221;40px&#8221;][\/vc_column][vc_column width=&#8221;1\/2&#8243;][\/vc_column][\/vc_row][vc_row full_width=&#8221;stretch_row&#8221; css=&#8221;.vc_custom_1530111036982{margin-top: 0px !important;margin-bottom: 0px !important;padding-top: 0px !important;padding-bottom: 0px !important;}&#8221;][vc_column][vc_row_inner][vc_column_inner width=&#8221;1\/2&#8243; css=&#8221;.vc_custom_1530110357226{margin-right: 0px !important;margin-left: 0px !important;}&#8221;][vc_single_image image=&#8221;10441&#8243; img_size=&#8221;800X600&#8243; alignment=&#8221;center&#8221;][vc_column_text]Desde nuestro lanzamiento en 2008, Mar\u00edtima Mercantil SAC ha proporcionando la log\u00edstica a m\u00e1s de 2,500 operaciones de aprovisionamiento en el puerto de Callao.[\/vc_column_text][vc_empty_space height=&#8221;50px&#8221;][\/vc_column_inner][vc_column_inner width=&#8221;1\/2&#8243; css=&#8221;.vc_custom_1530110374718{margin-right: 0px !important;margin-left: 0px !important;}&#8221;][vc_single_image image=&#8221;10442&#8243; img_size=&#8221;800X600&#8243; alignment=&#8221;center&#8221;][vc_column_text]Estamos a cargo de MT Navimax, MT Adri\u00e1n y Barge &#8220;Navifuels&#8221;, que se encuentran en el \u00e1rea de Callao preparados para suministrar combustible.[\/vc_column_text][vc_empty_space height=&#8221;50px&#8221;][\/vc_column_inner][\/vc_row_inner][\/vc_column][\/vc_row][vc_row full_width=&#8221;stretch_row_content&#8221; content_placement=&#8221;bottom&#8221; css=&#8221;.vc_custom_1601817800536{margin-top: 0px !important;margin-right: 0px !important;margin-bottom: 0px !important;margin-left: 0px !important;padding-top: 0px !important;padding-right: 0px !important;padding-bottom: 0px !important;padding-left: 0px !important;background-image: url(http:\/\/villarrse.com\/web\/wp-content\/uploads\/2020\/10\/separador-maritima-azul.png?id=10992) !important;background-position: center !important;background-repeat: no-repeat !important;background-size: cover !important;}&#8221;][vc_column css=&#8221;.vc_custom_1601817779702{margin: 0px !important;padding: 0px !important;border: 0px initial !important;}&#8221;][vc_empty_space height=&#8221;200px&#8221;][\/vc_column][\/vc_row]<\/div>","protected":false},"excerpt":{"rendered":"<p>[vc_row full_width=&#8221;stretch_row_content&#8221; css=&#8221;.vc_custom_1601817374821{margin: 0px !important;padding: 0px !important;background-image: url(http:\/\/villarrse.com\/web\/wp-content\/uploads\/2020\/10\/MMlan-interfaceSlider-3.jpg?id=10945) !important;background-position: center !important;background-repeat: no-repeat !important;background-size: cover !important;border: 0px initial !important;}&#8221;][vc_column][vc_empty_space height=&#8221;100px&#8221;][vc_empty_space height=&#8221;100px&#8221;][\/vc_column][\/vc_row][vc_row full_width=&#8221;stretch_row&#8221; equal_height=&#8221;yes&#8221; content_placement=&#8221;middle&#8221; css=&#8221;.vc_custom_1601817543030{padding-top: 0px !important;padding-bottom: 0px !important;background-position: center !important;background-repeat: no-repeat !important;background-size: cover !important;}&#8221;][vc_column width=&#8221;1\/2&#8243; css=&#8221;.vc_custom_1478173993629{padding-top: 0px !important;padding-bottom: 0px !important;}&#8221;][vc_empty_space&#8230;<\/p>\n","protected":false},"author":1,"featured_media":0,"parent":10284,"menu_order":0,"comment_status":"closed","ping_status":"closed","template":"","meta":{"footnotes":""},"class_list":["post-10426","page","type-page","status-publish","hentry"],"_links":{"self":[{"href":"https:\/\/villarrse.com\/web\/wp-json\/wp\/v2\/pages\/10426","targetHints":{"allow":["GET"]}}],"collection":[{"href":"https:\/\/villarrse.com\/web\/wp-json\/wp\/v2\/pages"}],"about":[{"href":"https:\/\/villarrse.com\/web\/wp-json\/wp\/v2\/types\/page"}],"author":[{"embeddable":true,"href":"https:\/\/villarrse.com\/web\/wp-json\/wp\/v2\/users\/1"}],"replies":[{"embeddable":true,"href":"https:\/\/villarrse.com\/web\/wp-json\/wp\/v2\/comments?post=10426"}],"version-history":[{"count":1,"href":"https:\/\/villarrse.com\/web\/wp-json\/wp\/v2\/pages\/10426\/revisions"}],"predecessor-version":[{"id":11441,"href":"https:\/\/villarrse.com\/web\/wp-json\/wp\/v2\/pages\/10426\/revisions\/11441"}],"up":[{"embeddable":true,"href":"https:\/\/villarrse.com\/web\/wp-json\/wp\/v2\/pages\/10284"}],"wp:attachment":[{"href":"https:\/\/villarrse.com\/web\/wp-json\/wp\/v2\/media?parent=10426"}],"curies":[{"name":"wp","href":"https:\/\/api.w.org\/{rel}","templated":true}]}}