{"id":7904,"date":"2016-07-17T12:28:33","date_gmt":"2016-07-17T17:28:33","guid":{"rendered":"http:\/\/innwithemes.com\/composer\/?page_id=7904"},"modified":"2018-06-29T03:33:52","modified_gmt":"2018-06-29T08:33:52","slug":"home","status":"publish","type":"page","link":"https:\/\/villarrse.com\/web\/home\/","title":{"rendered":"MM-Home-Esp"},"content":{"rendered":"<div class=\"wpb-content-wrapper\">[vc_row css=&#8221;.vc_custom_1469039977811{padding-top: 0px !important;padding-bottom: 0px !important;}&#8221;][vc_column]\t\t\t<rs-module-wrap id=\"rev_slider_error_1_wrapper\">\n\t\t\t\t<rs-module id=\"rev_slider_error_1\">\n\t\t\t\t\t<div class=\"rs_error_message_box\">\n\t\t\t\t\t\t<div class=\"rs_error_message_oops\">There is nothing to show here!<\/div>\n\t\t\t\t\t\t<div class=\"rs_error_message_content\">Slider with alias mm_home not found.<\/div>\n\t\t\t\t\t<\/div>\n\t\t\t\t<\/rs-module>\n\t\t\t<\/rs-module-wrap>\n\t\t\t<script>\n\t\t\t\tvar rs_eslider = document.getElementById(\"rev_slider_error_1\");\n\t\t\t\trs_eslider.style.display = \"none\";\n\t\t\t\tconsole.log(\"Slider with alias mm_home not found.\");\n\t\t\t<\/script>\n[\/vc_column][\/vc_row][vc_row][vc_column]<div id=\"ultimate-heading-918569e88b7cd70cc\" class=\"uvc-heading ult-adjust-bottom-margin ultimate-heading-918569e88b7cd70cc uvc-7665 \" data-hspacer=\"no_spacer\"  data-halign=\"center\" style=\"text-align:center\"><div class=\"uvc-heading-spacer no_spacer\" style=\"top\"><\/div><div class=\"uvc-main-heading ult-responsive\"  data-ultimate-target='.uvc-heading.ultimate-heading-918569e88b7cd70cc h2'  data-responsive-json-new='{\"font-size\":\"desktop:42px;\",\"line-height\":\"\"}' ><h2 style=\"font-family:&#039;Poppins&#039;;font-weight:700;color:#333333;margin-bottom:10px;\">QUIENES SOMOS<\/h2><\/div><\/div>[vc_custom_heading text=&#8221;Mar\u00edtima Mercantil S.A.C. es una agencia mar\u00edtima constituida al 100% con capital peruano en el a\u00f1o 2008, iniciando sus operaciones en marzo del 2009. En la actualidad la empresa est\u00e1 acreditada por las principales entidades certificadoras de rango internacional&#8221; font_container=&#8221;tag:p|font_size:17px|text_align:center|color:%23777777&#8243; google_fonts=&#8221;font_family:Lora%3Aregular%2Citalic%2C700%2C700italic|font_style:400%20italic%3A400%3Aitalic&#8221;][vc_separator color=&#8221;custom&#8221; el_width=&#8221;10&#8243; accent_color=&#8221;#254376&#8243;][\/vc_column][\/vc_row][vc_row full_width=&#8221;stretch_row_content_no_spaces&#8221; equal_height=&#8221;yes&#8221; css=&#8221;.vc_custom_1527551283585{padding-top: 0px !important;padding-bottom: 0px !important;background-position: center !important;background-repeat: no-repeat !important;background-size: cover !important;}&#8221;][vc_column width=&#8221;1\/3&#8243; css=&#8221;.vc_custom_1527630478011{padding-top: 400px !important;background-image: url(http:\/\/villarrse.com\/web\/wp-content\/uploads\/2018\/05\/img6.jpg?id=9929) !important;}&#8221;][\/vc_column][vc_column width=&#8221;1\/3&#8243; css=&#8221;.vc_custom_1468851304405{padding-top: 80px !important;padding-right: 50px !important;padding-bottom: 80px !important;padding-left: 50px !important;background-color: #1a1a1a !important;}&#8221;][vc_custom_heading text=&#8221;Nuestra&#8221; font_container=&#8221;tag:p|font_size:17px|text_align:left|color:%23ffffff&#8221; google_fonts=&#8221;font_family:Lora%3Aregular%2Citalic%2C700%2C700italic|font_style:400%20italic%3A400%3Aitalic&#8221; css=&#8221;.vc_custom_1527550105716{margin-bottom: 0px !important;}&#8221;]<div id=\"ultimate-heading-551269e88b7cd715c\" class=\"uvc-heading ult-adjust-bottom-margin ultimate-heading-551269e88b7cd715c uvc-6072 \" data-hspacer=\"no_spacer\"  data-halign=\"left\" style=\"text-align:left\"><div class=\"uvc-heading-spacer no_spacer\" style=\"top\"><\/div><div class=\"uvc-main-heading ult-responsive\"  data-ultimate-target='.uvc-heading.ultimate-heading-551269e88b7cd715c h2'  data-responsive-json-new='{\"font-size\":\"desktop:26px;\",\"line-height\":\"\"}' ><h2 style=\"font-family:&#039;Poppins&#039;;font-weight:500;color:#ffffff;margin-bottom:20px;\">MISION<\/h2><\/div><div class=\"uvc-sub-heading ult-responsive\"  data-ultimate-target='.uvc-heading.ultimate-heading-551269e88b7cd715c .uvc-sub-heading '  data-responsive-json-new='{\"font-size\":\"desktop:16px;\",\"line-height\":\"desktop:32px;\"}'  style=\"font-family:&#039;Poppins&#039;;font-weight:300;color:#ffffff;margin-bottom:32px;\">Tener una participaci\u00f3n importante en el desarrollo de la econom\u00eda local, logrando consolidarse en el mercado nacional e internacional.<\/div><\/div><div class=\"pix_button \"><a href=\"http:\/\/villarrse.com\/web\/mm-filosofia\/\"  class=\"clear btn  btn-solid btn-hover-outline btn-oval  btn-md white btn-hover-white\">M\u00e1s info+<\/a><\/div>[\/vc_column][vc_column width=&#8221;1\/3&#8243; css=&#8221;.vc_custom_1469015951600{padding-top: 80px !important;padding-right: 50px !important;padding-bottom: 80px !important;padding-left: 50px !important;background-color: rgba(255,255,255,0.92) !important;*background-color: rgb(255,255,255) !important;}&#8221;][vc_custom_heading text=&#8221;Nuestra&#8221; font_container=&#8221;tag:p|font_size:17px|text_align:left|color:%23777777&#8243; google_fonts=&#8221;font_family:Lora%3Aregular%2Citalic%2C700%2C700italic|font_style:400%20italic%3A400%3Aitalic&#8221; css=&#8221;.vc_custom_1527550161892{margin-bottom: 0px !important;}&#8221;]<div id=\"ultimate-heading-525869e88b7cd724b\" class=\"uvc-heading ult-adjust-bottom-margin ultimate-heading-525869e88b7cd724b uvc-5076 \" data-hspacer=\"no_spacer\"  data-halign=\"left\" style=\"text-align:left\"><div class=\"uvc-heading-spacer no_spacer\" style=\"top\"><\/div><div class=\"uvc-main-heading ult-responsive\"  data-ultimate-target='.uvc-heading.ultimate-heading-525869e88b7cd724b h2'  data-responsive-json-new='{\"font-size\":\"desktop:24px;\",\"line-height\":\"\"}' ><h2 style=\"font-family:&#039;Poppins&#039;;font-weight:500;color:#333333;margin-bottom:20px;\">VISION<\/h2><\/div><div class=\"uvc-sub-heading ult-responsive\"  data-ultimate-target='.uvc-heading.ultimate-heading-525869e88b7cd724b .uvc-sub-heading '  data-responsive-json-new='{\"font-size\":\"desktop:16px;\",\"line-height\":\"desktop:32px;\"}'  style=\"font-family:&#039;Poppins&#039;;font-weight:300;color:#555555;margin-bottom:32px;\">Brindar un servicio integral y superar las expectativas de nuestros clientes, con el apoyo total de trabajadores capacitados e innovadores que desarrollan un trabajo responsable, eficiente y seguro.<\/div><\/div><div class=\"pix_button \"><a href=\"http:\/\/villarrse.com\/web\/mm-filosofia\/\"  class=\"clear btn  btn-solid btn-hover-outline btn-oval  btn-md custom_color btn-hover-color\"style=\"background-color:#88a1bd;color: #ffffff;border-color: #88a1bd;\">M\u00e1s info+<\/a><\/div>[\/vc_column][\/vc_row][vc_row equal_height=&#8221;yes&#8221; content_placement=&#8221;middle&#8221; bg_type=&#8221;image&#8221; parallax_style=&#8221;vcpb-vz-jquery&#8221; bg_image_new=&#8221;id^9853|url^http:\/\/villarrse.com\/web\/wp-content\/uploads\/2018\/05\/img3.jpg|caption^Terminal Muelle Norte Callao Peru|alt^null|title^Terminal Muelle Norte Callao Peru|description^null&#8221; bg_image_repeat=&#8221;no-repeat&#8221; parallax_sense=&#8221;70&#8243; bg_override=&#8221;full&#8221; disable_on_mobile_img_parallax=&#8221;disable_on_mobile_img_parallax_value&#8221; css=&#8221;.vc_custom_1527630013590{padding-right: 0px !important;padding-left: 0px !important;}&#8221;][vc_column][vc_empty_space height=&#8221;50px&#8221; css=&#8221;.vc_custom_1527629266569{padding-top: 0px !important;}&#8221;]<div class=\" size-md alignCenter clearfix\"><h2 class=\"main-title title normal-title size-md alignCenter line-style1  pix-animate-cre\" data-trans=\"fadeIn\"  data-duration=\"\"  data-delay=\"\" style=\"color: #ffffff; \">El puerto del Callao es el principal puerto comercial del Per\u00fa, es una de las pocas de Am\u00e9rica del Sur que tiene buenos puertos naturales en el Oc\u00e9ano Pacifico.<\/h2><\/div>[\/vc_column][\/vc_row][vc_row full_width=&#8221;stretch_row_content&#8221; equal_height=&#8221;yes&#8221; content_placement=&#8221;middle&#8221; css=&#8221;.vc_custom_1527613162504{padding-top: 0px !important;padding-right: 0px !important;padding-bottom: 0px !important;padding-left: 0px !important;background-color: #ffffff !important;}&#8221;][vc_column css=&#8221;.vc_custom_1527608853887{padding-bottom: 0px !important;}&#8221;][vc_single_image image=&#8221;9937&#8243; img_size=&#8221;1580&#215;202&#8243; alignment=&#8221;center&#8221; css_animation=&#8221;fadeIn&#8221; css=&#8221;.vc_custom_1528572342827{margin-bottom: 0px !important;padding-top: 0px !important;padding-bottom: 0px !important;}&#8221;][\/vc_column][\/vc_row]<\/div>","protected":false},"excerpt":{"rendered":"<p>[vc_row css=&#8221;.vc_custom_1469039977811{padding-top: 0px !important;padding-bottom: 0px !important;}&#8221;][vc_column][\/vc_column][\/vc_row][vc_row][vc_column][vc_custom_heading text=&#8221;Mar\u00edtima Mercantil S.A.C. es una agencia mar\u00edtima constituida al 100% con capital peruano en el a\u00f1o 2008, iniciando sus operaciones en marzo del 2009. En la actualidad la empresa est\u00e1 acreditada por las principales&#8230;<\/p>\n","protected":false},"author":1,"featured_media":0,"parent":0,"menu_order":0,"comment_status":"closed","ping_status":"closed","template":"","meta":{"footnotes":""},"class_list":["post-7904","page","type-page","status-publish","hentry"],"_links":{"self":[{"href":"https:\/\/villarrse.com\/web\/wp-json\/wp\/v2\/pages\/7904","targetHints":{"allow":["GET"]}}],"collection":[{"href":"https:\/\/villarrse.com\/web\/wp-json\/wp\/v2\/pages"}],"about":[{"href":"https:\/\/villarrse.com\/web\/wp-json\/wp\/v2\/types\/page"}],"author":[{"embeddable":true,"href":"https:\/\/villarrse.com\/web\/wp-json\/wp\/v2\/users\/1"}],"replies":[{"embeddable":true,"href":"https:\/\/villarrse.com\/web\/wp-json\/wp\/v2\/comments?post=7904"}],"version-history":[{"count":0,"href":"https:\/\/villarrse.com\/web\/wp-json\/wp\/v2\/pages\/7904\/revisions"}],"wp:attachment":[{"href":"https:\/\/villarrse.com\/web\/wp-json\/wp\/v2\/media?parent=7904"}],"curies":[{"name":"wp","href":"https:\/\/api.w.org\/{rel}","templated":true}]}}